
Let w = 19 - 9. Suppose 4*a - 4 = 0, -2*l - l = 5*a + w. List the prime factors of ((-12)/15)/(2/l).
2
Let j = 147 - 56. What are the prime factors of j?
7, 13
Let x be ((-172)/16)/(1/4). Let c = x - -62. Suppose -5*h - y + 16 + 79 = 0, 0 = h + 3*y - c. List the prime factors of h.
19
Let r = 168 + -53. What are the prime factors of r?
5, 23
Let n(x) = 7 - 4 + 2*x - 3*x + 2. List the prime factors of n(3).
2
Let f(y) = -y**3 + 5*y**2 + 8*y - 2. Let p(r) = r**2 - 2*r - 3. Let o be p(-3). Suppose -3*j - o = -5*j. What are the prime factors of f(j)?
2, 5
Let x(a) = 1 + 2*a + 0 + 16*a**2 + 0. List the prime factors of x(-1).
3, 5
Suppose 4*f - 5*a = 280, 24 - 105 = -f + 4*a. What are the prime factors of f?
5, 13
Let d(u) = 2*u**2 - 7*u + 2. List the prime factors of d(6).
2
Let p(u) = 28*u**2 + u + 4. What are the prime factors of p(-2)?
2, 3, 19
Let v = -74 + 37. Let c = 61 + v. List the prime factors of c.
2, 3
Let n(f) = -f**2 - 10*f + 3. What are the prime factors of n(-10)?
3
Let b(o) = -3*o + 2. Suppose 7*f - 2*f + 50 = 5*h, -5*f - 3*h - 18 = 0. Let w be b(f). Let x = w + -11. What are the prime factors of x?
3
Let x(p) = 2*p**2 - 14*p + 4. Let z be x(7). Suppose z*k + 0*k = 12. List the prime factors of k.
3
Suppose -4*s - 17 = s - 4*x, -s + x - 4 = 0. Let q be 5/5*(4 + s). Suppose 41 = q*t - 10. What are the prime factors of t?
17
Let d(p) = 2*p**2 - 4*p - 5. Let j be d(5). Let m = j - 9. Suppose 0 = 3*r - 4*b - m, 5*r = b + b + 50. List the prime factors of r.
2, 3
Suppose -12 = -3*c + 3*n, 2*c - 10 = 7*c + 5*n. Let b be 16 + (-2)/(-2) + c. Suppose 5*x + 6*g - b = 4*g, 2*x + 3*g - 5 = 0. List the prime factors of x.
2
Let g(k) = k**3 - 12*k**2 + 11*k + 5. Let w be g(11). Let c(l) = -l**2 + 7*l + 7. What are the prime factors of c(w)?
17
Suppose -2*z - z = 0. Suppose z*l - l = -5. List the prime factors of l.
5
Let u be 4/(-14) + (-40)/7. Let t(n) = n + 8. List the prime factors of t(u).
2
Let i(y) = 6*y + 9. Let z be i(-4). Let a = -12 - z. What are the prime factors of a?
3
Let w be -3*((-4)/(-6) + -1). Let z be -2 + w - (-15)/3. Suppose 0 = -y + z*y - 24. List the prime factors of y.
2
Let j(g) = -g**3 + g**2 + 3*g + 2. Let n be j(-2). Let d be (-1)/((-10)/n + 1). Let q(u) = u**2 - u - 5. List the prime factors of q(d).
7
Let y = -8 - -12. Suppose 4*g - 108 = y*l, -5*g + 3*l - 12 + 147 = 0. List the prime factors of g.
3
Suppose -3*u = -3 + 24. Let y be u/14*0/1. Suppose 3*h - 7 - 11 = y. List the prime factors of h.
2, 3
What are the prime factors of -337*(-3 - (5 - 7))?
337
Let z = 108 - 57. List the prime factors of z.
3, 17
Suppose 0 = -2*s + 4*x + 116, -s + 2*x = -2*s + 50. Suppose 3*i + 5*n - 22 = 0, 0 = 5*i + 4*n - 0*n - s. List the prime factors of i.
2, 7
Let o = -10 + 14. Let m = o - 4. Suppose 3*n + 4*s - 8 = m, 0*n = -n - 5*s - 1. What are the prime factors of n?
2
Let k = 7 + -10. Let z = 14 + k. What are the prime factors of z?
11
Let c(o) = o + 4. Let a be c(-5). Let x(b) = -3*b. Let l be x(a). Suppose -30 = -l*n - 0*n. List the prime factors of n.
2, 5
Let i be 1/2*(-320)/(-5). Let z = i + -17. List the prime factors of z.
3, 5
Suppose 4*x = -x - 10, -4*x = 4*h - 288. What are the prime factors of h?
2, 37
Let l(w) = w**3 - 2*w**2 - w + 3. Let g = 0 - -3. List the prime factors of l(g).
3
Let l(z) = 7*z**2 + 4*z - 11. Let s(b) = 2*b**2 + b - 4. Let a(x) = 3*l(x) - 8*s(x). What are the prime factors of a(3)?
2, 7
What are the prime factors of (-234)/10*(-2 - (-15)/(-5))?
3, 13
Let h(i) = -i**3 + 7*i**2 - 3*i - 6. List the prime factors of h(5).
29
Let o(g) be the second derivative of g**4/12 - 2*g**3/3 + 2*g**2 + 4*g. What are the prime factors of o(5)?
3
What are the prime factors of -2 + -1 + 87 + -13?
71
Let q(u) = u**3 + 6*u**2 + u - 2. Let i(w) = -w**3 + 7*w**2 + 7*w + 3. Let p be i(8). What are the prime factors of q(p)?
2, 3
Suppose 3*q + q - 48 = 0. Let w = -6 + q. Suppose -w*a + 25 = -a. What are the prime factors of a?
5
Let f be ((-6)/(-5))/((-2)/10). Let i be (2/4)/(1/(-2)). Let h = i - f. List the prime factors of h.
5
Suppose 4*a - 231 - 77 = 0. Suppose -3*o = a - 23. Let j = 26 + o. List the prime factors of j.
2
Let v(j) = j**2 - 6*j + 5. Let m be v(5). Suppose 0 = -2*o - m*o + 20. What are the prime factors of 10/15 - o/(-3)?
2
Let d = -13 - -27. List the prime factors of d.
2, 7
Let l(a) = 3*a**2 + 4*a - 1. Let t = 3 + -6. List the prime factors of l(t).
2, 7
Let r = 11 - 4. Suppose -4*u - 16 = -2*l, -r*u - 20 = -2*u + 4*l. Let m = u - -6. List the prime factors of m.
2
Let n = 166 + -102. Suppose 0 = 2*q - 6*q + n. List the prime factors of q.
2
Let r(t) be the third derivative of -t**6/120 + 2*t**5/15 + 2*t**3/3 - t**2. Let p = 24 - 16. What are the prime factors of r(p)?
2
Suppose 5*d = 2*d + 9. Let i(s) = s + 2. What are the prime factors of i(d)?
5
Let d(y) = -2*y**2 - 3*y. Let u be d(-2). What are the prime factors of 7/2 + u/4?
3
Let z(b) = 6 + 8*b**3 - b - 7 + 1. Let h be z(1). Let r = 2 + h. What are the prime factors of r?
3
Let i(c) = c**3 - 6*c**2 + c + 3. Suppose -32 = -4*t + 2*t. Let k = t + -10. What are the prime factors of i(k)?
3
Let w(v) = v**2 - 6*v + 5. Let m be w(5). Suppose -2*q = h - m*q - 15, -3*h = 2*q - 49. What are the prime factors of h?
17
Let t(c) = -c**3 - 9*c**2 + 12*c - 10. Let o be t(-10). What are the prime factors of (-202)/(-6) + 20/o?
3, 11
Suppose -616 = -6*q - 136. What are the prime factors of q?
2, 5
Let o(u) = -19*u**3 - u**2 + u + 1. Let j = -5 - -4. What are the prime factors of o(j)?
2, 3
What are the prime factors of 537/9 - 6/9?
59
Suppose 5*l + 46 = 6*l. What are the prime factors of l?
2, 23
What are the prime factors of 28/42*(-114)/(-4)?
19
Suppose 0 = -2*c + 34 + 52. List the prime factors of c.
43
Suppose -5*f + 7 + 8 = 0. Suppose 0 = -f*w - 98 + 17. What are the prime factors of 94/18 - (-6)/w?
5
Let i = -10 + 12. Suppose r - 103 = -5*a - 3*r, a - 23 = -i*r. List the prime factors of a.
19
Let g be (2 + -5)*80/(-12). Let r = -2 - -5. Suppose -r*h - 2*h = -g. What are the prime factors of h?
2
Let i(y) = y**3 + 5*y**2 + 4*y + 3. Let l be i(-4). Suppose 16 = l*j + j. Suppose 0 = -2*a - 0*a - 3*u + 1, j*u - 4 = -4*a. List the prime factors of a.
2
Let s(m) = m**3 + m**2 + m. Let q be s(0). Suppose 4*v - 5*t - 57 = q, 2 + 47 = 4*v + 3*t. What are the prime factors of v?
13
Suppose 8 = i + q, 6 = 3*i - 6*i + 3*q. Suppose -i = -2*y + 3. What are the prime factors of y?
3
Suppose -v - 12 + 0 = 4*n, -3*v = -n - 29. Let x = -8 - -4. Let p = x + v. List the prime factors of p.
2
Suppose -u + 2 - 1 = 0, 0 = -w - 3*u + 59. Suppose 4*t = -0*t + 5*j + w, -5*j - 37 = -3*t. List the prime factors of t.
19
Let b = -4 + -3. Let f(u) = u**2 + 5*u - 10. Let s be f(b). Suppose -s*n + 12 = -2*n. List the prime factors of n.
2, 3
Let p = -5 + 10. Suppose -i = -p*i + 8. Suppose -14 = 4*v - i, 17 = 2*y + v. What are the prime factors of y?
2, 5
Let r(w) = 2*w**2 - 5*w + 6. Let f be r(5). Let t = f + -3. Suppose t = 4*i - 4*h, i = -2*i - 5*h - 11. What are the prime factors of i?
3
Let p(r) = -14*r + 8. List the prime factors of p(-4).
2
Suppose 179 = 2*h + 15. Suppose v + 5*m - h = 0, 4*v - m - 203 = 4*m. Suppose z + v = 4*z. What are the prime factors of z?
19
Let q(p) = 2*p**2 - 4*p + 1. List the prime factors of q(6).
7
Suppose 0*d = -2*d + 2. Let u(a) = 9 + d + a + a**2 - 2*a. What are the prime factors of u(0)?
2, 5
Let h(k) = -k**3 + 7*k**2 + 8*k + 4. Let m be h(8). Suppose -m*a = -2*i - 38, -i = -5*a - 3*i + 34. List the prime factors of a.
2
Suppose 3 = s - 0. Suppose -3*t + 11 = 4*h - 53, s*t - 60 = -3*h. What are the prime factors of t?
2
Suppose 0 = -5*z + 3*z + 20. Let t = -6 + z. Suppose t*b + 0*b = 20. What are the prime factors of b?
5
Let m(f) = f**2 + 10*f + 4. Let p be m(-10). Suppose -g + 3 = 2*u + 7, p*u - 3*g = -8. What are the prime factors of (2 + u - -2) + 1?
3
Let h(x) = x + 4. What are the prime factors of h(1)?
5
Let x(r) be the third derivative of -r**6/120 - r**5/20 - 5*r**4/24 - r**3/3 + 2*r**2. Let v be (-8)/(-28) - (-69)/(-21). What are the prime factors of x(v)?
13
Let d be (50/(-40))/((-1)/4). Suppose -d*h = 32 - 7, 0 = -3*l + 5*h + 70. List the prime factors of l.
3, 5
Suppose 0 = 4*m + 23 + 1. Let q = 3 + -5. What are the prime fac